{"id":306,"date":"2021-02-12T10:36:27","date_gmt":"2021-02-12T09:36:27","guid":{"rendered":"https:\/\/bakkenservice.no\/v\/?page_id=306"},"modified":"2025-10-23T15:28:58","modified_gmt":"2025-10-23T13:28:58","slug":"samarbeidspartnere","status":"publish","type":"page","link":"https:\/\/bakkenservice.no\/v\/samarbeidspartnere\/","title":{"rendered":"V\u00e5re samarbeidspartnere"},"content":{"rendered":"\n<p>Vi er stolte av v\u00e5re samarbeidspartnere! <a href=\"https:\/\/bakkenservice.no\/v\/om-bakken-service\">Bakken Service<\/a> benytter et rikt utvalg av produkter og tjenester fra anerkjente leverand\u00f8rer. Avtalene vi har med disse, sikrer at vi kan levere h\u00f8y kvalitet i alle faser av arbeidet v\u00e5rt. Klikk p\u00e5 logoene under for \u00e5 komme direkte til leverand\u00f8renes nettsider. Der vil du finne mer informasjon om produktene vi benytter.&nbsp;<\/p>\n\n\n\n<div class=\"wp-block-columns is-layout-flex wp-container-core-columns-is-layout-9d6595d7 wp-block-columns-is-layout-flex\">\n<div class=\"wp-block-column is-layout-flow wp-block-column-is-layout-flow\">\n<figure class=\"wp-block-image size-large\"><a href=\"https:\/\/g-b.no\/\" target=\"_blank\" rel=\"noopener\"><img loading=\"lazy\" decoding=\"async\" width=\"524\" height=\"120\" src=\"https:\/\/bakkenservice.no\/v\/content\/sites\/7\/2021\/03\/granitt-og-betongvare-logo-1.png\" alt=\"\" class=\"wp-image-582\" srcset=\"https:\/\/bakkenservice.no\/v\/content\/sites\/7\/2021\/03\/granitt-og-betongvare-logo-1.png 524w, https:\/\/bakkenservice.no\/v\/content\/sites\/7\/2021\/03\/granitt-og-betongvare-logo-1-300x69.png 300w, https:\/\/bakkenservice.no\/v\/content\/sites\/7\/2021\/03\/granitt-og-betongvare-logo-1-235x54.png 235w, https:\/\/bakkenservice.no\/v\/content\/sites\/7\/2021\/03\/granitt-og-betongvare-logo-1-200x46.png 200w\" sizes=\"auto, (max-width: 524px) 100vw, 524px\" \/><\/a><\/figure>\n\n\n\n<p><\/p>\n<\/div>\n\n\n\n<div class=\"wp-block-column is-layout-flow wp-block-column-is-layout-flow\">\n<figure class=\"wp-block-image size-large is-resized\"><a href=\"https:\/\/kanhage.no\/\" target=\"_blank\" rel=\"noopener\"><img loading=\"lazy\" decoding=\"async\" width=\"590\" height=\"210\" src=\"https:\/\/bakkenservice.no\/v\/content\/sites\/7\/2021\/03\/kanhage-logo-590x210.jpg\" alt=\"\" class=\"wp-image-590\" style=\"width:244px;height:auto\" srcset=\"https:\/\/bakkenservice.no\/v\/content\/sites\/7\/2021\/03\/kanhage-logo-590x210.jpg 590w, https:\/\/bakkenservice.no\/v\/content\/sites\/7\/2021\/03\/kanhage-logo-600x213.jpg 600w, https:\/\/bakkenservice.no\/v\/content\/sites\/7\/2021\/03\/kanhage-logo-300x107.jpg 300w, https:\/\/bakkenservice.no\/v\/content\/sites\/7\/2021\/03\/kanhage-logo-235x84.jpg 235w, https:\/\/bakkenservice.no\/v\/content\/sites\/7\/2021\/03\/kanhage-logo-200x71.jpg 200w, https:\/\/bakkenservice.no\/v\/content\/sites\/7\/2021\/03\/kanhage-logo.jpg 703w\" sizes=\"auto, (max-width: 590px) 100vw, 590px\" \/><\/a><\/figure>\n<\/div>\n\n\n\n<div class=\"wp-block-column is-layout-flow wp-block-column-is-layout-flow\">\n<figure class=\"wp-block-image size-large\"><img loading=\"lazy\" decoding=\"async\" width=\"512\" height=\"81\" src=\"https:\/\/bakkenservice.no\/v\/content\/sites\/7\/2021\/03\/oslokompost.jpg\" alt=\"\" class=\"wp-image-594\" srcset=\"https:\/\/bakkenservice.no\/v\/content\/sites\/7\/2021\/03\/oslokompost.jpg 512w, https:\/\/bakkenservice.no\/v\/content\/sites\/7\/2021\/03\/oslokompost-300x47.jpg 300w, https:\/\/bakkenservice.no\/v\/content\/sites\/7\/2021\/03\/oslokompost-235x37.jpg 235w, https:\/\/bakkenservice.no\/v\/content\/sites\/7\/2021\/03\/oslokompost-200x32.jpg 200w\" sizes=\"auto, (max-width: 512px) 100vw, 512px\" \/><\/figure>\n<\/div>\n<\/div>\n\n\n\n<div class=\"wp-block-columns is-layout-flex wp-container-core-columns-is-layout-9d6595d7 wp-block-columns-is-layout-flex\">\n<div class=\"wp-block-column is-layout-flow wp-block-column-is-layout-flow\"><div class=\"wp-block-image\">\n<figure class=\"aligncenter size-large\"><a href=\"https:\/\/www.skogstadelektroservice.no\/\" target=\"_blank\" rel=\"noopener\"><img loading=\"lazy\" decoding=\"async\" width=\"362\" height=\"152\" src=\"https:\/\/bakkenservice.no\/v\/content\/sites\/7\/2021\/03\/skogstadelektro.jpg\" alt=\"\" class=\"wp-image-624\" srcset=\"https:\/\/bakkenservice.no\/v\/content\/sites\/7\/2021\/03\/skogstadelektro.jpg 362w, https:\/\/bakkenservice.no\/v\/content\/sites\/7\/2021\/03\/skogstadelektro-300x126.jpg 300w, https:\/\/bakkenservice.no\/v\/content\/sites\/7\/2021\/03\/skogstadelektro-235x99.jpg 235w, https:\/\/bakkenservice.no\/v\/content\/sites\/7\/2021\/03\/skogstadelektro-200x84.jpg 200w\" sizes=\"auto, (max-width: 362px) 100vw, 362px\" \/><\/a><\/figure><\/div><\/div>\n\n\n\n<div class=\"wp-block-column is-layout-flow wp-block-column-is-layout-flow\"><div class=\"wp-block-image\">\n<figure class=\"aligncenter size-large is-resized\"><a href=\"https:\/\/www.norlys.no\/\" target=\"_blank\" rel=\"noopener\"><img loading=\"lazy\" decoding=\"async\" width=\"512\" height=\"292\" src=\"https:\/\/bakkenservice.no\/v\/content\/sites\/7\/2021\/03\/norlys.png\" alt=\"\" class=\"wp-image-625\" style=\"width:182px;height:auto\" srcset=\"https:\/\/bakkenservice.no\/v\/content\/sites\/7\/2021\/03\/norlys.png 512w, https:\/\/bakkenservice.no\/v\/content\/sites\/7\/2021\/03\/norlys-300x171.png 300w, https:\/\/bakkenservice.no\/v\/content\/sites\/7\/2021\/03\/norlys-235x134.png 235w, https:\/\/bakkenservice.no\/v\/content\/sites\/7\/2021\/03\/norlys-158x90.png 158w\" sizes=\"auto, (max-width: 512px) 100vw, 512px\" \/><\/a><\/figure><\/div><\/div>\n\n\n\n<div class=\"wp-block-column is-layout-flow wp-block-column-is-layout-flow\">\n<figure class=\"wp-block-image size-full is-resized\"><a href=\"https:\/\/mineraskifer.no\/\"><img loading=\"lazy\" decoding=\"async\" width=\"250\" height=\"250\" src=\"https:\/\/bakkenservice.no\/v\/content\/sites\/7\/2025\/10\/mineraskifer-logo.webp\" alt=\"\" class=\"wp-image-2097\" style=\"width:120px;height:auto\" srcset=\"https:\/\/bakkenservice.no\/v\/content\/sites\/7\/2025\/10\/mineraskifer-logo.webp 250w, https:\/\/bakkenservice.no\/v\/content\/sites\/7\/2025\/10\/mineraskifer-logo-150x150.webp 150w, https:\/\/bakkenservice.no\/v\/content\/sites\/7\/2025\/10\/mineraskifer-logo-235x235.webp 235w, https:\/\/bakkenservice.no\/v\/content\/sites\/7\/2025\/10\/mineraskifer-logo-90x90.webp 90w\" sizes=\"auto, (max-width: 250px) 100vw, 250px\" \/><\/a><\/figure>\n<\/div>\n<\/div>\n\n\n\n<p><\/p>\n","protected":false},"excerpt":{"rendered":"<p>Vi er stolte av v\u00e5re samarbeidspartnere! Bakken Service benytter et rikt utvalg av produkter og tjenester fra anerkjente leverand\u00f8rer. Avtalene vi har [\u2026]<\/p>\n","protected":false},"author":7,"featured_media":287,"parent":0,"menu_order":0,"comment_status":"closed","ping_status":"closed","template":"","meta":{"_acf_changed":false,"footnotes":""},"class_list":["post-306","page","type-page","status-publish","has-post-thumbnail","hentry"],"acf":[],"yoast_head":"<!-- This site is optimized with the Yoast SEO plugin v26.6 - https:\/\/yoast.com\/wordpress\/plugins\/seo\/ -->\n<title>V\u00e5re samarbeidspartnere - Viken Avfall<\/title>\n<meta name=\"description\" content=\"Bakken Service har samarbeidspartnere som tilbyr et rikt utvalg anerkjente produkter. Avtalene vi har med disse sikrer kvalitet i alle ledd.\" \/>\n<meta name=\"robots\" content=\"index, follow, max-snippet:-1, max-image-preview:large, max-video-preview:-1\" \/>\n<link rel=\"canonical\" href=\"https:\/\/bakkenservice.no\/v\/samarbeidspartnere\/\" \/>\n<meta property=\"og:locale\" content=\"nb_NO\" \/>\n<meta property=\"og:type\" content=\"article\" \/>\n<meta property=\"og:title\" content=\"V\u00e5re samarbeidspartnere - Viken Avfall\" \/>\n<meta property=\"og:description\" content=\"Bakken Service har samarbeidspartnere som tilbyr et rikt utvalg anerkjente produkter. Avtalene vi har med disse sikrer kvalitet i alle ledd.\" \/>\n<meta property=\"og:url\" content=\"https:\/\/bakkenservice.no\/v\/samarbeidspartnere\/\" \/>\n<meta property=\"og:site_name\" content=\"Viken Avfall\" \/>\n<meta property=\"article:modified_time\" content=\"2025-10-23T13:28:58+00:00\" \/>\n<meta property=\"og:image\" content=\"https:\/\/bakkenservice.no\/v\/content\/sites\/7\/2019\/09\/jonathan-kemper-4z3lnwevzqw-unsplash-scaled.jpg\" \/>\n\t<meta property=\"og:image:width\" content=\"2560\" \/>\n\t<meta property=\"og:image:height\" content=\"1707\" \/>\n\t<meta property=\"og:image:type\" content=\"image\/jpeg\" \/>\n<meta name=\"twitter:card\" content=\"summary_large_image\" \/>\n<meta name=\"twitter:label1\" content=\"Ansl. lesetid\" \/>\n\t<meta name=\"twitter:data1\" content=\"2 minutter\" \/>\n<script type=\"application\/ld+json\" class=\"yoast-schema-graph\">{\"@context\":\"https:\/\/schema.org\",\"@graph\":[{\"@type\":\"WebPage\",\"@id\":\"https:\/\/bakkenservice.no\/v\/samarbeidspartnere\/\",\"url\":\"https:\/\/bakkenservice.no\/v\/samarbeidspartnere\/\",\"name\":\"V\u00e5re samarbeidspartnere - Viken Avfall\",\"isPartOf\":{\"@id\":\"https:\/\/bakkenservice.no\/v\/#website\"},\"primaryImageOfPage\":{\"@id\":\"https:\/\/bakkenservice.no\/v\/samarbeidspartnere\/#primaryimage\"},\"image\":{\"@id\":\"https:\/\/bakkenservice.no\/v\/samarbeidspartnere\/#primaryimage\"},\"thumbnailUrl\":\"https:\/\/bakkenservice.no\/v\/content\/sites\/7\/2019\/09\/jonathan-kemper-4z3lnwevzqw-unsplash-scaled.jpg\",\"datePublished\":\"2021-02-12T09:36:27+00:00\",\"dateModified\":\"2025-10-23T13:28:58+00:00\",\"description\":\"Bakken Service har samarbeidspartnere som tilbyr et rikt utvalg anerkjente produkter. Avtalene vi har med disse sikrer kvalitet i alle ledd.\",\"breadcrumb\":{\"@id\":\"https:\/\/bakkenservice.no\/v\/samarbeidspartnere\/#breadcrumb\"},\"inLanguage\":\"nb-NO\",\"potentialAction\":[{\"@type\":\"ReadAction\",\"target\":[\"https:\/\/bakkenservice.no\/v\/samarbeidspartnere\/\"]}]},{\"@type\":\"ImageObject\",\"inLanguage\":\"nb-NO\",\"@id\":\"https:\/\/bakkenservice.no\/v\/samarbeidspartnere\/#primaryimage\",\"url\":\"https:\/\/bakkenservice.no\/v\/content\/sites\/7\/2019\/09\/jonathan-kemper-4z3lnwevzqw-unsplash-scaled.jpg\",\"contentUrl\":\"https:\/\/bakkenservice.no\/v\/content\/sites\/7\/2019\/09\/jonathan-kemper-4z3lnwevzqw-unsplash-scaled.jpg\",\"width\":2560,\"height\":1707},{\"@type\":\"BreadcrumbList\",\"@id\":\"https:\/\/bakkenservice.no\/v\/samarbeidspartnere\/#breadcrumb\",\"itemListElement\":[{\"@type\":\"ListItem\",\"position\":1,\"name\":\"Hjem\",\"item\":\"https:\/\/bakkenservice.no\/v\/\"},{\"@type\":\"ListItem\",\"position\":2,\"name\":\"V\u00e5re samarbeidspartnere\"}]},{\"@type\":\"WebSite\",\"@id\":\"https:\/\/bakkenservice.no\/v\/#website\",\"url\":\"https:\/\/bakkenservice.no\/v\/\",\"name\":\"Viken Avfall\",\"description\":\"\",\"potentialAction\":[{\"@type\":\"SearchAction\",\"target\":{\"@type\":\"EntryPoint\",\"urlTemplate\":\"https:\/\/bakkenservice.no\/v\/?s={search_term_string}\"},\"query-input\":{\"@type\":\"PropertyValueSpecification\",\"valueRequired\":true,\"valueName\":\"search_term_string\"}}],\"inLanguage\":\"nb-NO\"}]}<\/script>\n<!-- \/ Yoast SEO plugin. -->","yoast_head_json":{"title":"V\u00e5re samarbeidspartnere - Viken Avfall","description":"Bakken Service har samarbeidspartnere som tilbyr et rikt utvalg anerkjente produkter. Avtalene vi har med disse sikrer kvalitet i alle ledd.","robots":{"index":"index","follow":"follow","max-snippet":"max-snippet:-1","max-image-preview":"max-image-preview:large","max-video-preview":"max-video-preview:-1"},"canonical":"https:\/\/bakkenservice.no\/v\/samarbeidspartnere\/","og_locale":"nb_NO","og_type":"article","og_title":"V\u00e5re samarbeidspartnere - Viken Avfall","og_description":"Bakken Service har samarbeidspartnere som tilbyr et rikt utvalg anerkjente produkter. Avtalene vi har med disse sikrer kvalitet i alle ledd.","og_url":"https:\/\/bakkenservice.no\/v\/samarbeidspartnere\/","og_site_name":"Viken Avfall","article_modified_time":"2025-10-23T13:28:58+00:00","og_image":[{"width":2560,"height":1707,"url":"https:\/\/bakkenservice.no\/v\/content\/sites\/7\/2019\/09\/jonathan-kemper-4z3lnwevzqw-unsplash-scaled.jpg","type":"image\/jpeg"}],"twitter_card":"summary_large_image","twitter_misc":{"Ansl. lesetid":"2 minutter"},"schema":{"@context":"https:\/\/schema.org","@graph":[{"@type":"WebPage","@id":"https:\/\/bakkenservice.no\/v\/samarbeidspartnere\/","url":"https:\/\/bakkenservice.no\/v\/samarbeidspartnere\/","name":"V\u00e5re samarbeidspartnere - Viken Avfall","isPartOf":{"@id":"https:\/\/bakkenservice.no\/v\/#website"},"primaryImageOfPage":{"@id":"https:\/\/bakkenservice.no\/v\/samarbeidspartnere\/#primaryimage"},"image":{"@id":"https:\/\/bakkenservice.no\/v\/samarbeidspartnere\/#primaryimage"},"thumbnailUrl":"https:\/\/bakkenservice.no\/v\/content\/sites\/7\/2019\/09\/jonathan-kemper-4z3lnwevzqw-unsplash-scaled.jpg","datePublished":"2021-02-12T09:36:27+00:00","dateModified":"2025-10-23T13:28:58+00:00","description":"Bakken Service har samarbeidspartnere som tilbyr et rikt utvalg anerkjente produkter. Avtalene vi har med disse sikrer kvalitet i alle ledd.","breadcrumb":{"@id":"https:\/\/bakkenservice.no\/v\/samarbeidspartnere\/#breadcrumb"},"inLanguage":"nb-NO","potentialAction":[{"@type":"ReadAction","target":["https:\/\/bakkenservice.no\/v\/samarbeidspartnere\/"]}]},{"@type":"ImageObject","inLanguage":"nb-NO","@id":"https:\/\/bakkenservice.no\/v\/samarbeidspartnere\/#primaryimage","url":"https:\/\/bakkenservice.no\/v\/content\/sites\/7\/2019\/09\/jonathan-kemper-4z3lnwevzqw-unsplash-scaled.jpg","contentUrl":"https:\/\/bakkenservice.no\/v\/content\/sites\/7\/2019\/09\/jonathan-kemper-4z3lnwevzqw-unsplash-scaled.jpg","width":2560,"height":1707},{"@type":"BreadcrumbList","@id":"https:\/\/bakkenservice.no\/v\/samarbeidspartnere\/#breadcrumb","itemListElement":[{"@type":"ListItem","position":1,"name":"Hjem","item":"https:\/\/bakkenservice.no\/v\/"},{"@type":"ListItem","position":2,"name":"V\u00e5re samarbeidspartnere"}]},{"@type":"WebSite","@id":"https:\/\/bakkenservice.no\/v\/#website","url":"https:\/\/bakkenservice.no\/v\/","name":"Viken Avfall","description":"","potentialAction":[{"@type":"SearchAction","target":{"@type":"EntryPoint","urlTemplate":"https:\/\/bakkenservice.no\/v\/?s={search_term_string}"},"query-input":{"@type":"PropertyValueSpecification","valueRequired":true,"valueName":"search_term_string"}}],"inLanguage":"nb-NO"}]}},"_links":{"self":[{"href":"https:\/\/bakkenservice.no\/v\/wp-json\/wp\/v2\/pages\/306","targetHints":{"allow":["GET"]}}],"collection":[{"href":"https:\/\/bakkenservice.no\/v\/wp-json\/wp\/v2\/pages"}],"about":[{"href":"https:\/\/bakkenservice.no\/v\/wp-json\/wp\/v2\/types\/page"}],"author":[{"embeddable":true,"href":"https:\/\/bakkenservice.no\/v\/wp-json\/wp\/v2\/users\/7"}],"replies":[{"embeddable":true,"href":"https:\/\/bakkenservice.no\/v\/wp-json\/wp\/v2\/comments?post=306"}],"version-history":[{"count":29,"href":"https:\/\/bakkenservice.no\/v\/wp-json\/wp\/v2\/pages\/306\/revisions"}],"predecessor-version":[{"id":2101,"href":"https:\/\/bakkenservice.no\/v\/wp-json\/wp\/v2\/pages\/306\/revisions\/2101"}],"wp:featuredmedia":[{"embeddable":true,"href":"https:\/\/bakkenservice.no\/v\/wp-json\/wp\/v2\/media\/287"}],"wp:attachment":[{"href":"https:\/\/bakkenservice.no\/v\/wp-json\/wp\/v2\/media?parent=306"}],"curies":[{"name":"wp","href":"https:\/\/api.w.org\/{rel}","templated":true}]}}